e prime factors of o?
2, 3
Let i be ((-4)/6)/((-2)/(-6)). Suppose 0 = -2*g + g - 12. List the prime factors of 1/((-26)/g + i).
2, 3
Suppose 0 = 3*v + 13 + 2, 5*v = 5*h - 150. What are the prime factors of h?
5
Suppose 4 - 49 = 3*i. Let o = i - -19. List the prime factors of o.
2
Let w = -33 + 58. Let b(k) = -k**3 + 4*k**2 - 2*k - 2. Let p be b(2). Suppose -p*f + w = -1. List the prime factors of f.
13
Suppose 3*z + 4 + 1 = -b, -5*z - 35 = -5*b. List the prime factors of (b/10 - -1)*5.
7
Let t be 2/(1/3 + 0). Suppose 0 = 4*j - 5*z + 548, -t*j = -j - 5*z + 690. What are the prime factors of j/(-10) - (-1)/(-5)?
2, 7
Let p = -168 + 315. Suppose p = 3*g + f, 0 = -4*g - 3*f + 164 + 37. What are the prime factors of g?
2, 3
Let a(v) = -3 - v - 3*v + 2*v - 9*v. Let n be a(-2). Suppose 3 = -z - 4*i - 15, 0 = 2*z - 3*i - n. List the prime factors of z.
2
Let k = 87 + 40. Suppose k - 22 = 5*a. List the prime factors of a.
3, 7
Let a(f) be the second derivative of -5/3*f**3 - 3*f + 0 + 1/20*f**5 + 5/2*f**2 - 3/4*f**4. What are the prime factors of a(10)?
5
Suppose 0 = -3*y + 2*y + 13. List the prime factors of y.
13
Let o(c) = 3*c**2 + c - 3. Let g be o(-3). Let f = g - 2. Suppose -2*l + f = -9. What are the prime factors of l?
2, 7
List the prime factors of (7 + (-75)/9)*19*-3.
2, 19
Suppose -4*y + 39 = -161. Suppose 0*x - 5*x + y = 0. What are the prime factors of x?
2, 5
Suppose 4*u - 7 - 5 = 0. Suppose 5*w - 2*w - u = 0. List the prime factors of 1*14 + (w - 3).
2, 3
Let a(n) = -8*n - 1. Let p = -11 - -6. List the prime factors of a(p).
3, 13
Suppose -2*i + 36 = -5*u, 3*i + 3*u - 12 = -0*i. Let f = i + -6. Suppose 4 = -f*t, -t - t = -4*k + 48. What are the prime factors of k?
11
Suppose 5*r - 168 = 112. What are the prime factors of r?
2, 7
Let k(u) = u**2 + 8*u + 9. Let s be k(-6). Let a(p) = -3. Let f(j) = -j + 1. Let z(i) = s*f(i) - a(i). What are the prime factors of z(3)?
3
Let s(o) = -11*o**2 + 3*o - 1. Let r be s(2). Let i be (-4)/24 - r/18. Suppose i*y - 16 = -3*p, -5*p - 2*y = 3*y - 35. What are the prime factors of p?
2
Let m(s) = -3*s**2 + 5*s + 2. Let h(b) = 2*b**2 - 3*b - 1. Let z(j) = 5*h(j) + 3*m(j). Let t be z(0). What are the prime factors of (-2)/(t*(-3)/12)?
2
What are the prime factors of (28/6)/(6 - 424/72)?
2, 3, 7
Suppose 5*z - 32 = -4*f, 0*z - 3 = -3*z + 3*f. Suppose a + z*a - 20 = 0. What are the prime factors of a?
2
Suppose -4*r - 155 - 842 = -3*a, 5*a - 1659 = 4*r. What are the prime factors of a?
331
Let z = -1 + -10. Let w = z + 16. List the prime factors of w.
5
Suppose 5*n = 3*n + 20. Suppose 0 = 5*z, -2 = -4*x + 2*z + n. List the prime factors of x.
3
Suppose 645 = -9*l + 14*l. List the prime factors of l.
3, 43
Suppose -11*c + 762 = -1009. List the prime factors of c.
7, 23
Let j(t) = t - 2. Let k(b) = -b + 1. Let c(r) = -j(r) + 2*k(r). What are the prime factors of c(-7)?
5
Suppose 1 - 7 = -2*p. Suppose p*f - n - 32 = 0, -2*n + 0*n = -3*f + 34. List the prime factors of f.
2, 5
Suppose 6*a = -3*a + 360. What are the prime factors of a?
2, 5
Let w = 2 - 4. Let z be w + (-16)/(-6)*15. Suppose -5*t + z + 42 = 0. List the prime factors of t.
2
Let m(q) = 2*q - 6. Let x(j) = -j - 15*j**2 - 6*j**3 + 0*j + 14*j**2. Let f be x(-1). List the prime factors of m(f).
2, 3
Suppose 3*m - 5*a + 2*a = 9, 0 = 5*m - 3*a - 5. Let w be 5/1*m/(-5). Suppose w*v = -2*v + 20. What are the prime factors of v?
5
What are the prime factors of 4 + 1363/7 + (-6)/(-21)?
199
Suppose -65 - 5 = 5*y. Let p be (-4)/y - (-888)/28. Suppose 2*c = -4*z + p, 5*c - 8 = -3*z + 5*z. What are the prime factors of z?
2, 3
Let u = -151 - -331. What are the prime factors of u?
2, 3, 5
Let r = 15 - 11. Let a(o) = -o**2 + 9*o + 2. Let h be a(9). What are the prime factors of 2 + r - h/(-1)?
2
Let p be (-2)/4 + 25/10. What are the prime factors of -5*p/(-20)*4?
2
Let g = 56 - -242. What are the prime factors of g?
2, 149
Suppose -7 = -3*g + 2. Let k(f) = f**2 + 3*f - 2. Let q be k(g). Suppose -3*d = -2*m + q, 2*d - 7 - 15 = -m. List the prime factors of m.
2, 7
Suppose -3*c = 4*p + 17, 2*p + 9 = -c - 2. What are the prime factors of (-62)/(-8) - p/32?
2
Let x(o) = -2*o**3 - o**2 - o + 46. What are the prime factors of x(0)?
2, 23
Suppose l + l = 0. Suppose -p + 14 = i + 2*i, l = 2*p - i. Suppose 4*w - 22 = p*w. List the prime factors of w.
11
Suppose -2*t = 2*w - 6, 5*t - 4*w - 33 = -0*w. Suppose 5*d + 3*v - 34 = -v, -t*v + 20 = 4*d. What are the prime factors of d?
2, 5
Let d be 4*(-2 + 6/4). List the prime factors of d*((-12 - -3) + 2).
2, 7
Let u(z) = z**2 - z - 61. Let j be u(0). Let a be (85/34)/(2/(-32)). Let g = a - j. What are the prime factors of g?
3, 7
Suppose -4*f = -2*c - 16, 4*f + 5*c = 2*c + 6. Suppose -f*i - 2*i + 133 = 4*v, 5*v - 191 = 2*i. List the prime factors of v.
37
Suppose 2*o = -4*i + 768, -7*o + 2*o = 0. List the prime factors of i.
2, 3
Let l(c) be the first derivative of c**4/12 - c**3 - 5*c**2 - 2*c - 2. Let n(r) be the first derivative of l(r). List the prime factors of n(8).
2, 3
Let p(u) = -2*u**3 + 7*u**2 + 3*u. Let y be p(4). Let n(s) = -7*s - 2. Let o(b) = -13*b - 5. Let q(h) = -5*n(h) + 3*o(h). List the prime factors of q(y).
11
Let g = 4 - 6. Let y = g - 6. Let h(a) = -a - 3. What are the prime factors of h(y)?
5
Let c = -19 + 27. Suppose 3 = -2*u + 5*u. Let k = c - u. List the prime factors of k.
7
Let v be 2/(2*1/3). Suppose v*h = 5*r - 1, 2*h - 7 = -2*r + h. Suppose 0*n + r*n = 20. List the prime factors of n.
2, 5
Let p(q) = -q**2 + 13*q + 12. What are the prime factors of p(11)?
2, 17
Suppose -2*z + 6*z - 112 = 0. What are the prime factors of z?
2, 7
Suppose -n - 4*b + 33 = 0, -18 = -5*n + 5*b + 72. List the prime factors of n.
3, 7
Suppose 4*i - 5*l = -20, -2*i - 4*l = -0*i - 16. Suppose -q - 3*q + 144 = i. Suppose -h + q = 2*h. List the prime factors of h.
2, 3
Suppose 7*i - 3*i = -4. List the prime factors of (2 + 8)*1 + i.
3
Suppose o - 2*o + 3 = 0. Suppose -2*j = -3*i - 22, -4*j + 2*i + 72 = o*i. List the prime factors of j.
17
Let d(y) = y**2 + 8*y - 11. Let o be d(-9). Let w be (-3)/o*(-24)/(-9). Suppose -4*s + 5*s - w*b - 7 = 0, -5*s + 4*b = -35. What are the prime factors of s?
7
Suppose -9*o = -30 - 6. What are the prime factors of o?
2
Let n(g) = -g**3 + 7*g**2 + 14*g - 20. What are the prime factors of n(8)?
2, 7
Suppose -6 = -4*s + 1002. What are the prime factors of (s/27)/(1/3)?
2, 7
Let c(f) = f**3 + f**2 - 3*f - 6. Let x be c(6). List the prime factors of x/14 + 12/(-42).
2
Let w(i) = 7*i**3 - 11*i**2 + 19*i - 1. Let o(g) = 5*g**2 - 6*g - 3*g**3 - 4*g + 5*g - 4*g. Let l(y) = -9*o(y) - 4*w(y). What are the prime factors of l(-3)?
7
Let k be (-2)/(-9) - (-20)/(-9). List the prime factors of k/4*-14 + 2.
3
Suppose -5*m + m - 5*w + 22 = 0, w + 1 = m. Suppose m*h - 7 - 2 = 0. Let v = h - -7. List the prime factors of v.
2, 5
Let u(r) = -r**2 - 13*r - 16. List the prime factors of u(-8).
2, 3
Suppose -3*d = -5*c - 22, -5*d - 3*c = -20 + 6. List the prime factors of (0 + -6)*d/(-8).
3
Suppose 4*k - f + 22 = 0, -26 = -k + 6*k - 2*f. List the prime factors of (-3)/(-1)*(-14)/k.
7
Suppose -3*x + 534 = -96. List the prime factors of x.
2, 3, 5, 7
Suppose -3*n + 530 = 5*s, -2*n + 757 - 232 = 5*s. List the prime factors of s.
103
Let a(o) = o**2 + 3*o. Suppose -5*x = -0*x + 20. Let h be a(x). Suppose -5*j + 49 = 5*n - 2*n, 25 = 3*j + h*n. List the prime factors of j.
11
Suppose -3*p + k = -58, -3*p + 66 = 6*k - 3*k. Suppose -4*c + 2*c + 15 = -g, 4*g = -p. Suppose -z = -14 + c. List the prime factors of z.
3
Let o = 9 + -4. Suppose o*q + 30 = -k, -59 = 2*q - 5*k - 20. Let v = -4 - q. List the prime factors of v.
3
Suppose 0*p - 4*h - 28 = 2*p, -41 = 4*p + 5*h. Let a = 7 + p. What are the prime factors of a?
3
Let a be 1/(-2) + (-2)/(-4). Suppose 0*x + 16 = l + 4*x, a = 3*l + 5*x - 20. Suppose 27 = -l*z + 3*z. What are the prime factors of z?
3
Let h = 5 + 4. What are the prime factors of h?
3
Let j = -32 + 67. What are the prime factors of j?
5, 7
Suppose 2*a + 208 = j, -3*j - a + 209 = -443. What are the prime factors of j?
2, 3
Let n(a) = -12*a + 3. Let l(v) = 18*v - 4. Let q(p) = 5*l(p) + 7*n(p). Let j be q(1). Let f = 6 + j. List the prime factors of f.
13
Suppose -6 = -5*x - 2*a + 16, 5*a = 5*x - 15. Let j be